{"id":109,"date":"2012-07-29T10:44:44","date_gmt":"2012-07-29T10:44:44","guid":{"rendered":"http:\/\/www.maler-rehm-nf.de\/wordpress\/?page_id=109"},"modified":"2012-07-29T16:21:25","modified_gmt":"2012-07-29T16:21:25","slug":"wir-fuhren-aus","status":"publish","type":"page","link":"https:\/\/www.maler-rehm-nf.de\/wordpress\/?page_id=109","title":{"rendered":"Wir f\u00fchren aus:"},"content":{"rendered":"<p><a href=\"https:\/\/www.maler-rehm-nf.de\/wordpress\/wp-content\/uploads\/2012\/07\/Bilder-05-2012-024.jpg\"><img loading=\"lazy\" decoding=\"async\" class=\"alignright  wp-image-42\" title=\"Innenarbeiten\" src=\"https:\/\/www.maler-rehm-nf.de\/wordpress\/wp-content\/uploads\/2012\/07\/Bilder-05-2012-024.jpg\" alt=\"\" width=\"432\" height=\"324\" \/><\/a>Wer denkt, ein Maler w\u00fcrde heutzutage nur mit Pinsel, Terpentin, Tapete und Kleister auskommen, der irrt.<\/p>\n<p>Sie finden rechts einen Querschnitt\u00a0 verschiedener Techniken, die wir anbieten.<\/p>\n<p>Dar\u00fcber hinaus k\u00f6nnen Sie nat\u00fcrlich individuell W\u00fcnsche \u00e4u\u00dfern.<\/p>\n","protected":false},"excerpt":{"rendered":"<p>Wer denkt, ein Maler w\u00fcrde heutzutage nur mit Pinsel, Terpentin, Tapete und Kleister auskommen, der irrt. Sie finden rechts einen Querschnitt\u00a0 verschiedener Techniken, die wir anbieten. Dar\u00fcber hinaus k\u00f6nnen Sie nat\u00fcrlich individuell W\u00fcnsche \u00e4u\u00dfern.<\/p>\n","protected":false},"author":1,"featured_media":0,"parent":0,"menu_order":2,"comment_status":"closed","ping_status":"closed","template":"","meta":{"ngg_post_thumbnail":0,"footnotes":""},"class_list":["post-109","page","type-page","status-publish","hentry"],"_links":{"self":[{"href":"https:\/\/www.maler-rehm-nf.de\/wordpress\/index.php?rest_route=\/wp\/v2\/pages\/109","targetHints":{"allow":["GET"]}}],"collection":[{"href":"https:\/\/www.maler-rehm-nf.de\/wordpress\/index.php?rest_route=\/wp\/v2\/pages"}],"about":[{"href":"https:\/\/www.maler-rehm-nf.de\/wordpress\/index.php?rest_route=\/wp\/v2\/types\/page"}],"author":[{"embeddable":true,"href":"https:\/\/www.maler-rehm-nf.de\/wordpress\/index.php?rest_route=\/wp\/v2\/users\/1"}],"replies":[{"embeddable":true,"href":"https:\/\/www.maler-rehm-nf.de\/wordpress\/index.php?rest_route=%2Fwp%2Fv2%2Fcomments&post=109"}],"version-history":[{"count":5,"href":"https:\/\/www.maler-rehm-nf.de\/wordpress\/index.php?rest_route=\/wp\/v2\/pages\/109\/revisions"}],"predecessor-version":[{"id":111,"href":"https:\/\/www.maler-rehm-nf.de\/wordpress\/index.php?rest_route=\/wp\/v2\/pages\/109\/revisions\/111"}],"wp:attachment":[{"href":"https:\/\/www.maler-rehm-nf.de\/wordpress\/index.php?rest_route=%2Fwp%2Fv2%2Fmedia&parent=109"}],"curies":[{"name":"wp","href":"https:\/\/api.w.org\/{rel}","templated":true}]}}